{"id":340,"date":"2025-03-10T10:14:16","date_gmt":"2025-03-10T15:14:16","guid":{"rendered":"http:\/\/source.wpopal.com\/medilazar\/?page_id=340"},"modified":"2025-03-26T17:22:10","modified_gmt":"2025-03-26T22:22:10","slug":"conozca-a-jota","status":"publish","type":"page","link":"https:\/\/2mgroup.com.ec\/lacasadelasfresas\/conozca-a-jota\/","title":{"rendered":"Conozca a JOTA"},"content":{"rendered":"\t\t<div data-elementor-type=\"wp-page\" data-elementor-id=\"340\" class=\"elementor elementor-340\">\n\t\t\t\t\t\t<section class=\"elementor-section elementor-top-section elementor-element elementor-element-483280d elementor-section-stretched elementor-section-content-middle elementor-section-boxed elementor-section-height-default elementor-section-height-default\" data-id=\"483280d\" data-element_type=\"section\" data-settings=\"{&quot;stretch_section&quot;:&quot;section-stretched&quot;,&quot;background_background&quot;:&quot;classic&quot;}\">\n\t\t\t\t\t\t<div class=\"elementor-container elementor-column-gap-no\">\n\t\t\t\t\t<div class=\"elementor-column elementor-col-50 elementor-top-column elementor-element elementor-element-78514d8\" data-id=\"78514d8\" data-element_type=\"column\">\n\t\t\t<div class=\"elementor-widget-wrap elementor-element-populated\">\n\t\t\t\t\t\t<div class=\"elementor-element elementor-element-047a3be elementor-widget elementor-widget-image\" data-id=\"047a3be\" data-element_type=\"widget\" data-widget_type=\"image.default\">\n\t\t\t\t<div class=\"elementor-widget-container\">\n\t\t\t\t\t\t\t\t\t\t\t\t\t\t\t<img decoding=\"async\" width=\"340\" height=\"99\" src=\"https:\/\/2mgroup.com.ec\/lacasadelasfresas\/wp-content\/uploads\/2025\/03\/logo.png\" class=\"attachment-large size-large wp-image-8428\" alt=\"\" srcset=\"https:\/\/2mgroup.com.ec\/lacasadelasfresas\/wp-content\/uploads\/2025\/03\/logo.png 340w, https:\/\/2mgroup.com.ec\/lacasadelasfresas\/wp-content\/uploads\/2025\/03\/logo-300x87.png 300w\" sizes=\"(max-width: 340px) 100vw, 340px\" \/>\t\t\t\t\t\t\t\t\t\t\t\t\t\t\t<\/div>\n\t\t\t\t<\/div>\n\t\t\t\t<div class=\"elementor-element elementor-element-f7df081 elementor-position-left elementor-position-below elementor-widget elementor-widget-heading\" data-id=\"f7df081\" data-element_type=\"widget\" data-widget_type=\"heading.default\">\n\t\t\t\t<div class=\"elementor-widget-container\">\n\t\t\t\t\t<div class=\"elementor-heading-wrapper\" ><div class=\"elementor-heading-wrapper-inner\"><h2 class=\"elementor-heading-title elementor-size-default\">Desde 1909, l\u00edder mundial en instrumentos rotatorios<\/h2><\/div><\/div>\t\t\t\t<\/div>\n\t\t\t\t<\/div>\n\t\t\t\t\t<\/div>\n\t\t<\/div>\n\t\t\t\t<div class=\"elementor-column elementor-col-50 elementor-top-column elementor-element elementor-element-f6faa58\" data-id=\"f6faa58\" data-element_type=\"column\">\n\t\t\t<div class=\"elementor-widget-wrap elementor-element-populated\">\n\t\t\t\t\t\t<div class=\"elementor-element elementor-element-8916abb elementor-widget elementor-widget-text-editor\" data-id=\"8916abb\" data-element_type=\"widget\" data-widget_type=\"text-editor.default\">\n\t\t\t\t<div class=\"elementor-widget-container\">\n\t\t\t\t\t        <div class=\"elementor-text-editor elementor-clearfix\"><p>JOTA AG, fundada hace m\u00e1s de un siglo en Suiza, es l\u00edder mundial en la fabricaci\u00f3n de instrumentos rotatorios de precisi\u00f3n. Su experiencia abarca odontolog\u00eda, podolog\u00eda, joyer\u00eda e industria. Reconocida por su innovaci\u00f3n, alta calidad y fiabilidad, JOTA desarrolla productos dise\u00f1ados para satisfacer las m\u00e1s altas exigencias profesionales.<\/p><p>Con un enfoque en tecnolog\u00eda avanzada y precisi\u00f3n suiza, ofrece una amplia variedad de instrumentos que combinan durabilidad y rendimiento excepcional. Su compromiso con la excelencia ha convertido a JOTA en un referente global, proporcionando herramientas esenciales para sectores que valoran la exactitud y la eficiencia.<\/p><\/div>\n        \t\t\t\t<\/div>\n\t\t\t\t<\/div>\n\t\t\t\t\t<\/div>\n\t\t<\/div>\n\t\t\t\t\t<\/div>\n\t\t<\/section>\n\t\t\t\t<section class=\"elementor-section elementor-top-section elementor-element elementor-element-fb401e4 elementor-section-height-min-height elementor-section-stretched elementor-section-boxed elementor-section-height-default elementor-section-items-middle\" data-id=\"fb401e4\" data-element_type=\"section\" data-settings=\"{&quot;stretch_section&quot;:&quot;section-stretched&quot;,&quot;background_background&quot;:&quot;classic&quot;}\">\n\t\t\t\t\t\t\t<div class=\"elementor-background-overlay\"><\/div>\n\t\t\t\t\t\t\t<div class=\"elementor-container elementor-column-gap-no\">\n\t\t\t\t\t<div class=\"elementor-column elementor-col-100 elementor-top-column elementor-element elementor-element-d83959b\" data-id=\"d83959b\" data-element_type=\"column\" data-settings=\"{&quot;background_background&quot;:&quot;classic&quot;}\">\n\t\t\t<div class=\"elementor-widget-wrap elementor-element-populated\">\n\t\t\t\t\t\t<div class=\"elementor-element elementor-element-2a7df50 elementor-widget elementor-widget-image\" data-id=\"2a7df50\" data-element_type=\"widget\" data-widget_type=\"image.default\">\n\t\t\t\t<div class=\"elementor-widget-container\">\n\t\t\t\t\t\t\t\t\t\t\t\t\t\t\t<img decoding=\"async\" width=\"340\" height=\"99\" src=\"https:\/\/2mgroup.com.ec\/lacasadelasfresas\/wp-content\/uploads\/2025\/03\/logo.png\" class=\"attachment-large size-large wp-image-8428\" alt=\"\" srcset=\"https:\/\/2mgroup.com.ec\/lacasadelasfresas\/wp-content\/uploads\/2025\/03\/logo.png 340w, https:\/\/2mgroup.com.ec\/lacasadelasfresas\/wp-content\/uploads\/2025\/03\/logo-300x87.png 300w\" sizes=\"(max-width: 340px) 100vw, 340px\" \/>\t\t\t\t\t\t\t\t\t\t\t\t\t\t\t<\/div>\n\t\t\t\t<\/div>\n\t\t\t\t<div class=\"elementor-element elementor-element-8194a4d elementor-widget elementor-widget-opal-video-popup\" data-id=\"8194a4d\" data-element_type=\"widget\" data-widget_type=\"opal-video-popup.default\">\n\t\t\t\t<div class=\"elementor-widget-container\">\n\t\t\t\t\t        <div class=\"elementor-video-wrapper opal-video-popup\">\n            <a class=\"elementor-video-popup\" role=\"button\" href=\"https:\/\/www.youtube.com\/watch?v=EiHvDa7eug0\" data-effect=\"mfp-zoom-in\">\n                <span class=\"elementor-video-icon\"><i class=\"opal-icon-video\"><\/i><\/span>\n                            <\/a>\n\n        <\/div>\n        \t\t\t\t<\/div>\n\t\t\t\t<\/div>\n\t\t\t\t\t<\/div>\n\t\t<\/div>\n\t\t\t\t\t<\/div>\n\t\t<\/section>\n\t\t\t\t<section class=\"elementor-section elementor-top-section elementor-element elementor-element-1fb7a3f elementor-section-content-middle elementor-section-stretched elementor-section-boxed elementor-section-height-default elementor-section-height-default\" data-id=\"1fb7a3f\" data-element_type=\"section\" data-settings=\"{&quot;stretch_section&quot;:&quot;section-stretched&quot;,&quot;background_background&quot;:&quot;classic&quot;}\">\n\t\t\t\t\t\t<div class=\"elementor-container elementor-column-gap-no\">\n\t\t\t\t\t<div class=\"elementor-column elementor-col-50 elementor-top-column elementor-element elementor-element-2536ac2\" data-id=\"2536ac2\" data-element_type=\"column\">\n\t\t\t<div class=\"elementor-widget-wrap elementor-element-populated\">\n\t\t\t\t\t\t<div class=\"elementor-element elementor-element-93131e0 elementor-position-left elementor-widget-mobile__width-inherit elementor-position-above elementor-mobile-position-center elementor-widget elementor-widget-heading\" data-id=\"93131e0\" data-element_type=\"widget\" data-widget_type=\"heading.default\">\n\t\t\t\t<div class=\"elementor-widget-container\">\n\t\t\t\t\t<div class=\"elementor-heading-wrapper\" ><div class=\"elementor-heading-wrapper-inner\"><h2 class=\"elementor-heading-title elementor-size-default\">Tipos de Mangos<\/h2><span class=\"sub-title\">CONOZCA A JOTA<\/span><\/div><\/div>\t\t\t\t<\/div>\n\t\t\t\t<\/div>\n\t\t\t\t<div class=\"elementor-element elementor-element-88b9d50 elementor-widget elementor-widget-text-editor\" data-id=\"88b9d50\" data-element_type=\"widget\" data-widget_type=\"text-editor.default\">\n\t\t\t\t<div class=\"elementor-widget-container\">\n\t\t\t\t\t        <div class=\"elementor-text-editor elementor-clearfix\"><p>Las longitudes totales de los instrumentos pueden ser m\u00e1s largas o m\u00e1s cortas seg\u00fan el tipo de construcci\u00f3n.<\/p><\/div>\n        \t\t\t\t<\/div>\n\t\t\t\t<\/div>\n\t\t\t\t<div class=\"elementor-element elementor-element-6582577 elementor-widget elementor-widget-image\" data-id=\"6582577\" data-element_type=\"widget\" data-widget_type=\"image.default\">\n\t\t\t\t<div class=\"elementor-widget-container\">\n\t\t\t\t\t\t\t\t\t\t\t\t\t\t\t<img decoding=\"async\" src=\"https:\/\/2mgroup.com.ec\/lacasadelasfresas\/wp-content\/uploads\/elementor\/thumbs\/01-Tipos-de-Mango-scaled-r3fzmeyqhx3wuswuicpcpeg0pxxdm53jbrf4s50f2m.webp\" title=\"01 Tipos de Mango\" alt=\"01 Tipos de Mango\" loading=\"lazy\" \/>\t\t\t\t\t\t\t\t\t\t\t\t\t\t\t<\/div>\n\t\t\t\t<\/div>\n\t\t\t\t\t<\/div>\n\t\t<\/div>\n\t\t\t\t<div class=\"elementor-column elementor-col-50 elementor-top-column elementor-element elementor-element-d8279f1\" data-id=\"d8279f1\" data-element_type=\"column\">\n\t\t\t<div class=\"elementor-widget-wrap elementor-element-populated\">\n\t\t\t\t\t\t<div class=\"elementor-element elementor-element-a8b48c1 elementor-position-left elementor-widget-mobile__width-inherit elementor-position-above elementor-mobile-position-center elementor-widget elementor-widget-heading\" data-id=\"a8b48c1\" data-element_type=\"widget\" data-widget_type=\"heading.default\">\n\t\t\t\t<div class=\"elementor-widget-container\">\n\t\t\t\t\t<div class=\"elementor-heading-wrapper\" ><div class=\"elementor-heading-wrapper-inner\"><h2 class=\"elementor-heading-title elementor-size-default\">3 Pasos para un Pedido<\/h2><span class=\"sub-title\">CONOZCA A JOTA<\/span><\/div><\/div>\t\t\t\t<\/div>\n\t\t\t\t<\/div>\n\t\t\t\t<div class=\"elementor-element elementor-element-74f8ca0 elementor-widget elementor-widget-text-editor\" data-id=\"74f8ca0\" data-element_type=\"widget\" data-widget_type=\"text-editor.default\">\n\t\t\t\t<div class=\"elementor-widget-container\">\n\t\t\t\t\t        <div class=\"elementor-text-editor elementor-clearfix\"><p>Las longitudes totales de los instrumentos pueden ser m\u00e1s largas o m\u00e1s cortas seg\u00fan el tipo de construcci\u00f3n.<\/p><\/div>\n        \t\t\t\t<\/div>\n\t\t\t\t<\/div>\n\t\t\t\t<div class=\"elementor-element elementor-element-9c95348 elementor-widget elementor-widget-image\" data-id=\"9c95348\" data-element_type=\"widget\" data-widget_type=\"image.default\">\n\t\t\t\t<div class=\"elementor-widget-container\">\n\t\t\t\t\t\t\t\t\t\t\t\t\t\t\t<img decoding=\"async\" src=\"https:\/\/2mgroup.com.ec\/lacasadelasfresas\/wp-content\/uploads\/elementor\/thumbs\/02-Pasos-para-Pedido-scaled-r3g0wlr8buc5cztjstgdq8ufkk9oupgpcdh2qmizbi.webp\" title=\"02 Pasos para Pedido\" alt=\"02 Pasos para Pedido\" loading=\"lazy\" \/>\t\t\t\t\t\t\t\t\t\t\t\t\t\t\t<\/div>\n\t\t\t\t<\/div>\n\t\t\t\t\t<\/div>\n\t\t<\/div>\n\t\t\t\t\t<\/div>\n\t\t<\/section>\n\t\t\t\t<section class=\"elementor-section elementor-top-section elementor-element elementor-element-f5ae154 elementor-section-content-middle elementor-section-stretched elementor-section-boxed elementor-section-height-default elementor-section-height-default\" data-id=\"f5ae154\" data-element_type=\"section\" data-settings=\"{&quot;stretch_section&quot;:&quot;section-stretched&quot;,&quot;background_background&quot;:&quot;classic&quot;}\">\n\t\t\t\t\t\t<div class=\"elementor-container elementor-column-gap-no\">\n\t\t\t\t\t<div class=\"elementor-column elementor-col-50 elementor-top-column elementor-element elementor-element-670dbe0\" data-id=\"670dbe0\" data-element_type=\"column\">\n\t\t\t<div class=\"elementor-widget-wrap elementor-element-populated\">\n\t\t\t\t\t\t<div class=\"elementor-element elementor-element-183d1d1 elementor-position-left elementor-widget-mobile__width-inherit elementor-position-above elementor-mobile-position-center elementor-widget elementor-widget-heading\" data-id=\"183d1d1\" data-element_type=\"widget\" data-widget_type=\"heading.default\">\n\t\t\t\t<div class=\"elementor-widget-container\">\n\t\t\t\t\t<div class=\"elementor-heading-wrapper\" ><div class=\"elementor-heading-wrapper-inner\"><h2 class=\"elementor-heading-title elementor-size-default\">N\u00fameros de Referencia<\/h2><span class=\"sub-title\">CONOZCA A JOTA<\/span><\/div><\/div>\t\t\t\t<\/div>\n\t\t\t\t<\/div>\n\t\t\t\t<div class=\"elementor-element elementor-element-dee01e9 elementor-widget elementor-widget-image\" data-id=\"dee01e9\" data-element_type=\"widget\" data-widget_type=\"image.default\">\n\t\t\t\t<div class=\"elementor-widget-container\">\n\t\t\t\t\t\t\t\t\t\t\t\t\t\t\t<img decoding=\"async\" src=\"https:\/\/2mgroup.com.ec\/lacasadelasfresas\/wp-content\/uploads\/elementor\/thumbs\/03-Numeros-de-Referencia-scaled-r3g1857w8m4vwn22et1hcc064vdxcxa29htouxeyxa.webp\" title=\"03 Numeros de Referencia\" alt=\"03 Numeros de Referencia\" loading=\"lazy\" \/>\t\t\t\t\t\t\t\t\t\t\t\t\t\t\t<\/div>\n\t\t\t\t<\/div>\n\t\t\t\t\t<\/div>\n\t\t<\/div>\n\t\t\t\t<div class=\"elementor-column elementor-col-50 elementor-top-column elementor-element elementor-element-309e28c\" data-id=\"309e28c\" data-element_type=\"column\">\n\t\t\t<div class=\"elementor-widget-wrap elementor-element-populated\">\n\t\t\t\t\t\t<div class=\"elementor-element elementor-element-c85f0a4 elementor-position-left elementor-widget-mobile__width-inherit elementor-position-above elementor-mobile-position-center elementor-widget elementor-widget-heading\" data-id=\"c85f0a4\" data-element_type=\"widget\" data-widget_type=\"heading.default\">\n\t\t\t\t<div class=\"elementor-widget-container\">\n\t\t\t\t\t<div class=\"elementor-heading-wrapper\" ><div class=\"elementor-heading-wrapper-inner\"><h2 class=\"elementor-heading-title elementor-size-default\">Paquetes<\/h2><span class=\"sub-title\">CONOZCA A JOTA<\/span><\/div><\/div>\t\t\t\t<\/div>\n\t\t\t\t<\/div>\n\t\t\t\t<div class=\"elementor-element elementor-element-c626bf2 elementor-widget elementor-widget-image\" data-id=\"c626bf2\" data-element_type=\"widget\" data-widget_type=\"image.default\">\n\t\t\t\t<div class=\"elementor-widget-container\">\n\t\t\t\t\t\t\t\t\t\t\t\t\t\t\t<img decoding=\"async\" src=\"https:\/\/2mgroup.com.ec\/lacasadelasfresas\/wp-content\/uploads\/elementor\/thumbs\/04-Paquete-scaled-r3g1iidtlubpxu00vscdc7u5yuan8rfi0stgds1ob2.webp\" title=\"04 Paquete\" alt=\"04 Paquete\" loading=\"lazy\" \/>\t\t\t\t\t\t\t\t\t\t\t\t\t\t\t<\/div>\n\t\t\t\t<\/div>\n\t\t\t\t\t<\/div>\n\t\t<\/div>\n\t\t\t\t\t<\/div>\n\t\t<\/section>\n\t\t\t\t<section class=\"elementor-section elementor-top-section elementor-element elementor-element-c4f29f5 elementor-section-stretched elementor-section-boxed elementor-section-height-default elementor-section-height-default\" data-id=\"c4f29f5\" data-element_type=\"section\" data-settings=\"{&quot;stretch_section&quot;:&quot;section-stretched&quot;}\">\n\t\t\t\t\t\t<div class=\"elementor-container elementor-column-gap-no\">\n\t\t\t\t\t<div class=\"elementor-column elementor-col-100 elementor-top-column elementor-element elementor-element-89f9b68\" data-id=\"89f9b68\" data-element_type=\"column\">\n\t\t\t<div class=\"elementor-widget-wrap elementor-element-populated\">\n\t\t\t\t\t\t<div class=\"elementor-element elementor-element-e66dc95 elementor-position-center elementor-position-below elementor-widget elementor-widget-heading\" data-id=\"e66dc95\" data-element_type=\"widget\" data-widget_type=\"heading.default\">\n\t\t\t\t<div class=\"elementor-widget-container\">\n\t\t\t\t\t<div class=\"elementor-heading-wrapper\" ><div class=\"elementor-heading-wrapper-inner\"><h2 class=\"elementor-heading-title elementor-size-default\">Categor\u00edas Principales<\/h2><\/div><\/div>\t\t\t\t<\/div>\n\t\t\t\t<\/div>\n\t\t\t\t<section class=\"elementor-section elementor-inner-section elementor-element elementor-element-0626e4d elementor-section-boxed elementor-section-height-default elementor-section-height-default\" data-id=\"0626e4d\" data-element_type=\"section\">\n\t\t\t\t\t\t<div class=\"elementor-container elementor-column-gap-no\">\n\t\t\t\t\t<div class=\"elementor-column elementor-col-50 elementor-inner-column elementor-element elementor-element-26f1438\" data-id=\"26f1438\" data-element_type=\"column\">\n\t\t\t<div class=\"elementor-widget-wrap elementor-element-populated\">\n\t\t\t\t\t\t<div class=\"elementor-element elementor-element-605de28 elementor-cta--skin-cover elementor-cta--valign-top elementor-button-primary elementor-bg-transform elementor-bg-transform-move-right call-to-action-wrapper-transform-none elementor-widget elementor-widget-call-to-action\" data-id=\"605de28\" data-element_type=\"widget\" data-widget_type=\"call-to-action.default\">\n\t\t\t\t<div class=\"elementor-widget-container\">\n\t\t\t\t\t    <div class=\"elementor-cta\">\n\n                    <div class=\"elementor-cta__bg-wrapper\">\n                                <div class=\"elementor-cta__bg elementor-bg\" style=\"background-image: url(https:\/\/2mgroup.com.ec\/lacasadelasfresas\/wp-content\/uploads\/2025\/03\/cat_clinica.webp);\"><\/div>\n                <div class=\"elementor-cta__bg-overlay\"><\/div>\n            <\/div>\n                            <div class=\"elementor-cta__content\">\n\n            \n            \n            \n                            <h3 class=\"elementor-cta__title elementor-cta__content-item elementor-content-item\" data-letter=\"Cl\u00ednica\">\n                Cl\u00ednica                <\/h3>\n            \n                            <div class=\"elementor-cta__description elementor-cta__content-item elementor-content-item\">\n                    Diamantes, carburos, abrasivos, pulidores,<br> cirug\u00eda, endodoncia, ortodoncia,<br> kits y accesorios.                <\/div>\n            \n                        <div class=\"elementor-cta__button-wrapper elementor-cta__content-item elementor-content-item \">\n                <a class=\"elementor-cta__button elementor-button elementor-size-md\" href=\"https:\/\/2mgroup.com.ec\/lacasadelasfresas\/clinica\">\n                                    <span class=\"elementor-button-icon elementor-align-icon-right\">\n                                <i class=\"opal-icon-next\" aria-hidden=\"true\"><\/i>\n                            <\/span>\n                                <span>CONOZCA M\u00c1S<\/span>\n                <\/a>\n                <\/div>\n                        <\/div>\n                        <\/div>\n        \t\t\t\t<\/div>\n\t\t\t\t<\/div>\n\t\t\t\t\t<\/div>\n\t\t<\/div>\n\t\t\t\t<div class=\"elementor-column elementor-col-50 elementor-inner-column elementor-element elementor-element-c1b3a50\" data-id=\"c1b3a50\" data-element_type=\"column\">\n\t\t\t<div class=\"elementor-widget-wrap elementor-element-populated\">\n\t\t\t\t\t\t<div class=\"elementor-element elementor-element-242b430 elementor-cta--skin-cover elementor-cta--valign-top elementor-button-primary elementor-bg-transform elementor-bg-transform-move-right call-to-action-wrapper-transform-none elementor-widget elementor-widget-call-to-action\" data-id=\"242b430\" data-element_type=\"widget\" data-widget_type=\"call-to-action.default\">\n\t\t\t\t<div class=\"elementor-widget-container\">\n\t\t\t\t\t    <div class=\"elementor-cta\">\n\n                    <div class=\"elementor-cta__bg-wrapper\">\n                                <div class=\"elementor-cta__bg elementor-bg\" style=\"background-image: url(https:\/\/2mgroup.com.ec\/lacasadelasfresas\/wp-content\/uploads\/2025\/03\/cat_laboratorio.webp);\"><\/div>\n                <div class=\"elementor-cta__bg-overlay\"><\/div>\n            <\/div>\n                            <div class=\"elementor-cta__content\">\n\n            \n            \n            \n                            <h3 class=\"elementor-cta__title elementor-cta__content-item elementor-content-item\" data-letter=\"Laboratorio\">\n                Laboratorio                <\/h3>\n            \n                            <div class=\"elementor-cta__description elementor-cta__content-item elementor-content-item\">\n                    Diamantes, carburos, acero, abrasivos,<br> pulidores, kits y accesorios.                <\/div>\n            \n                        <div class=\"elementor-cta__button-wrapper elementor-cta__content-item elementor-content-item \">\n                <a class=\"elementor-cta__button elementor-button elementor-size-md\" href=\"https:\/\/2mgroup.com.ec\/lacasadelasfresas\/laboratorio\/\">\n                                    <span class=\"elementor-button-icon elementor-align-icon-right\">\n                                <i class=\"opal-icon-next\" aria-hidden=\"true\"><\/i>\n                            <\/span>\n                                <span>CONOZCA M\u00c1S<\/span>\n                <\/a>\n                <\/div>\n                        <\/div>\n                        <\/div>\n        \t\t\t\t<\/div>\n\t\t\t\t<\/div>\n\t\t\t\t\t<\/div>\n\t\t<\/div>\n\t\t\t\t\t<\/div>\n\t\t<\/section>\n\t\t\t\t\t<\/div>\n\t\t<\/div>\n\t\t\t\t\t<\/div>\n\t\t<\/section>\n\t\t\t\t<\/div>\n\t\t","protected":false},"excerpt":{"rendered":"<p>Desde 1909, l\u00edder mundial en instrumentos rotatorios JOTA AG, fundada hace m\u00e1s de un siglo en Suiza, es l\u00edder mundial en la fabricaci\u00f3n de instrumentos rotatorios de precisi\u00f3n. Su experiencia abarca odontolog\u00eda, podolog\u00eda, joyer\u00eda e industria. Reconocida por su innovaci\u00f3n, alta calidad y fiabilidad, JOTA desarrolla productos dise\u00f1ados para satisfacer las m\u00e1s altas exigencias profesionales. &hellip; <\/p>\n<p class=\"more-link-wrap\"><a href=\"https:\/\/2mgroup.com.ec\/lacasadelasfresas\/conozca-a-jota\/\" class=\"more-link\"><i class=\"opal-icon-plus\" aria-hidden=\"true\"><\/i><span>Read More<span class=\"screen-reader-text\"> \u00abConozca a JOTA\u00bb<\/span><\/span><\/a><\/p>\n","protected":false},"author":1,"featured_media":0,"parent":0,"menu_order":0,"comment_status":"closed","ping_status":"closed","template":"page-elementor.php","meta":{"inline_featured_image":false,"footnotes":""},"class_list":["post-340","page","type-page","status-publish","hentry"],"_links":{"self":[{"href":"https:\/\/2mgroup.com.ec\/lacasadelasfresas\/wp-json\/wp\/v2\/pages\/340","targetHints":{"allow":["GET"]}}],"collection":[{"href":"https:\/\/2mgroup.com.ec\/lacasadelasfresas\/wp-json\/wp\/v2\/pages"}],"about":[{"href":"https:\/\/2mgroup.com.ec\/lacasadelasfresas\/wp-json\/wp\/v2\/types\/page"}],"author":[{"embeddable":true,"href":"https:\/\/2mgroup.com.ec\/lacasadelasfresas\/wp-json\/wp\/v2\/users\/1"}],"replies":[{"embeddable":true,"href":"https:\/\/2mgroup.com.ec\/lacasadelasfresas\/wp-json\/wp\/v2\/comments?post=340"}],"version-history":[{"count":43,"href":"https:\/\/2mgroup.com.ec\/lacasadelasfresas\/wp-json\/wp\/v2\/pages\/340\/revisions"}],"predecessor-version":[{"id":9354,"href":"https:\/\/2mgroup.com.ec\/lacasadelasfresas\/wp-json\/wp\/v2\/pages\/340\/revisions\/9354"}],"wp:attachment":[{"href":"https:\/\/2mgroup.com.ec\/lacasadelasfresas\/wp-json\/wp\/v2\/media?parent=340"}],"curies":[{"name":"wp","href":"https:\/\/api.w.org\/{rel}","templated":true}]}}